{"id":2,"date":"2015-02-19T04:39:32","date_gmt":"2015-02-19T04:39:33","guid":{"rendered":"http:\/\/localhost:8080\/wordpress-4.1.1\/wordpress\/?page_id=2"},"modified":"2026-03-25T16:50:18","modified_gmt":"2026-03-25T15:50:18","slug":"warum-massage-welle","status":"publish","type":"page","link":"https:\/\/die-massage-welle.de\/wordpress\/","title":{"rendered":"Entspannungs- und Wohlf\u00fchlmassagen f\u00fcr K\u00f6rper, Geist und Seele!"},"content":{"rendered":"\r\n<p>Ich arbeite u. a. dann, wenn Sie frei haben: Freitag Abend (Beginn jeweils bis 18.00 m\u00f6glich) zum entspannenden Start ins Wochenende, am Samstag, Sonntag, an Feiertagen. (Ja, auch am 24., 25,. 26. 12.!) Sprechen Sie mich einfach an. Rechtzeitiger Vorlauf (mind. 5 Stunden vorher) ist zwingend notwendig f\u00fcr meine Vorbereitung. Eine Anfrage mehrere Tage vorher erh\u00f6ht die Wahrscheinlichkeit, dass ein Termin am gew\u00fcnschten Tag m\u00f6glich wird.<\/p>\r\n<p>Ein Telefonanruf gen\u00fcgt &#8211; sprechen Sie mir bitte unbedingt auf die Mailbox (015775767236): Ihren Terminwunsch und welche Massage Sie sich ausgesucht habe, dann kann ich Sie baldm\u00f6glichst mit einem konkreten Vorschlag zur\u00fcckrufen.<\/p>\r\n<p>Oder vereinbaren Sie einen Termin per Mail: erika.hansen19@gmail.com<\/p>\r\n<p>Hinweis: Anrufe mit unterdr\u00fcckter\/anonymer Nummer beantworte ich nicht. Ebensowenig wenn Sie nur anrufen, aber Ihr Anliegen nicht der Mailbox mitteilen.\u00a0<\/p>\r\n\r\n\r\n\r\n<p>Warum Die-Massage-Welle in Kassel?<br \/><a href=\"https:\/\/die-massage-welle.de\/wordpress\/wp-content\/uploads\/2015\/02\/Die-Massage-Welle.jpg\"><img loading=\"lazy\" decoding=\"async\" class=\"alignleft size-medium wp-image-52\" src=\"https:\/\/die-massage-welle.de\/wordpress\/wp-content\/uploads\/2015\/02\/Die-Massage-Welle-300x200.jpg\" alt=\"Die-Massage-Welle\" width=\"300\" height=\"200\" srcset=\"https:\/\/die-massage-welle.de\/wordpress\/wp-content\/uploads\/2015\/02\/Die-Massage-Welle-300x200.jpg 300w, https:\/\/die-massage-welle.de\/wordpress\/wp-content\/uploads\/2015\/02\/Die-Massage-Welle.jpg 1024w\" sizes=\"auto, (max-width: 300px) 100vw, 300px\" \/><\/a>Ich komme urspr\u00fcnglich aus dem Norden, wo Himmel und Meer sich nahe sind. Daher verbinde ich mit dem Namen Massage-Welle das im Fluss Sein mit den Elementen, das getragen Sein von der Welle der Entspannung. Ankommen. Bei mir. Genau dieses Gef\u00fchl m\u00f6chte ich Ihnen mit meinen Massagen auch vermitteln.<\/p>\r\n<p><em>Die Massage-Welle<\/em> bedeutet f\u00fcr mich: von weit her kommen, flie\u00dfen, schwingen, wiegen, tanzen, in H\u00f6hen und Tiefen gehen, sich getragen f\u00fchlen, aufgefangen werden, Eins-Sein mit mir und dem Universum, in Kontakt sein mit mir und dem anderen, im Fluss des Lebens sein, mich hingeben k\u00f6nnen, entspannen, loslassen.<\/p>\r\n<p>Ber\u00fchrung bedeutet f\u00fcr mich: mich anvertrauen, N\u00e4he zulassen, Verbundenheit empfangen, tiefes Entspannen und Loslassen, im vertieften Atem in meine Mitte kommen, Balance finden zwischen K\u00f6rper und Seele.<\/p>","protected":false},"excerpt":{"rendered":"<p>Ich arbeite u. a. dann, wenn Sie frei haben: Freitag Abend (Beginn jeweils bis 18.00 m\u00f6glich) zum entspannenden Start ins Wochenende, am Samstag, Sonntag, an Feiertagen. (Ja, auch am 24., 25,. 26. 12.!) Sprechen Sie mich einfach an. Rechtzeitiger Vorlauf (mind. 5 Stunden vorher) ist zwingend notwendig f\u00fcr meine Vorbereitung. Eine Anfrage mehrere Tage vorher &hellip; <a href=\"https:\/\/die-massage-welle.de\/wordpress\/\" class=\"more-link\"><span class=\"screen-reader-text\">Entspannungs- und Wohlf\u00fchlmassagen f\u00fcr K\u00f6rper, Geist und Seele!<\/span> weiterlesen <span class=\"meta-nav\">&rarr;<\/span><\/a><\/p>\n","protected":false},"author":1,"featured_media":0,"parent":23,"menu_order":4,"comment_status":"closed","ping_status":"closed","template":"","meta":{"footnotes":""},"class_list":["post-2","page","type-page","status-publish","hentry"],"_links":{"self":[{"href":"https:\/\/die-massage-welle.de\/wordpress\/wp-json\/wp\/v2\/pages\/2","targetHints":{"allow":["GET"]}}],"collection":[{"href":"https:\/\/die-massage-welle.de\/wordpress\/wp-json\/wp\/v2\/pages"}],"about":[{"href":"https:\/\/die-massage-welle.de\/wordpress\/wp-json\/wp\/v2\/types\/page"}],"author":[{"embeddable":true,"href":"https:\/\/die-massage-welle.de\/wordpress\/wp-json\/wp\/v2\/users\/1"}],"replies":[{"embeddable":true,"href":"https:\/\/die-massage-welle.de\/wordpress\/wp-json\/wp\/v2\/comments?post=2"}],"version-history":[{"count":45,"href":"https:\/\/die-massage-welle.de\/wordpress\/wp-json\/wp\/v2\/pages\/2\/revisions"}],"predecessor-version":[{"id":560,"href":"https:\/\/die-massage-welle.de\/wordpress\/wp-json\/wp\/v2\/pages\/2\/revisions\/560"}],"up":[{"embeddable":true,"href":"https:\/\/die-massage-welle.de\/wordpress\/wp-json\/wp\/v2\/pages\/23"}],"wp:attachment":[{"href":"https:\/\/die-massage-welle.de\/wordpress\/wp-json\/wp\/v2\/media?parent=2"}],"curies":[{"name":"wp","href":"https:\/\/api.w.org\/{rel}","templated":true}]}}

Entspannungs- und Wohlfühlmassagen für Körper, Geist und Seele!

<p>Ich arbeite u. a. dann, wenn Sie frei haben: Freitag Abend (Beginn jeweils bis 18.00 möglich) zum entspannenden Start ins Wochenende, am Samstag, Sonntag, an Feiertagen. (Ja, auch am 24., 25,. 26. 12.!) Sprechen Sie mich einfach an. Rechtzeitiger Vorlauf (mind. 5 Stunden vorher) ist zwingend notwendig für meine Vorbereitung. Eine Anfrage mehrere Tage vorher erhöht die Wahrscheinlichkeit, dass ein Termin am gewünschten Tag möglich wird.</p>
<p>Ein Telefonanruf genügt &#8211; sprechen Sie mir bitte unbedingt auf die Mailbox (015775767236): Ihren Terminwunsch und welche Massage Sie sich ausgesucht habe, dann kann ich Sie baldmöglichst mit einem konkreten Vorschlag zurückrufen.</p>
<p>Oder vereinbaren Sie einen Termin per Mail: erika.hansen19@gmail.com</p>
<p>Hinweis: Anrufe mit unterdrückter/anonymer Nummer beantworte ich nicht. Ebensowenig wenn Sie nur anrufen, aber Ihr Anliegen nicht der Mailbox mitteilen. </p>



<p>Warum Die-Massage-Welle in Kassel?<br /><a href="https://die-massage-welle.de/wordpress/wp-content/uploads/2015/02/Die-Massage-Welle.jpg"><img loading="lazy" decoding="async" class="alignleft size-medium wp-image-52" src="https://die-massage-welle.de/wordpress/wp-content/uploads/2015/02/Die-Massage-Welle-300x200.jpg" alt="Die-Massage-Welle" width="300" height="200" srcset="https://die-massage-welle.de/wordpress/wp-content/uploads/2015/02/Die-Massage-Welle-300x200.jpg 300w, https://die-massage-welle.de/wordpress/wp-content/uploads/2015/02/Die-Massage-Welle.jpg 1024w" sizes="auto, (max-width: 300px) 100vw, 300px" /></a>Ich komme ursprünglich aus dem Norden, wo Himmel und Meer sich nahe sind. Daher verbinde ich mit dem Namen Massage-Welle das im Fluss Sein mit den Elementen, das getragen Sein von der Welle der Entspannung. Ankommen. Bei mir. Genau dieses Gefühl möchte ich Ihnen mit meinen Massagen auch vermitteln.</p>
<p><em>Die Massage-Welle</em> bedeutet für mich: von weit her kommen, fließen, schwingen, wiegen, tanzen, in Höhen und Tiefen gehen, sich getragen fühlen, aufgefangen werden, Eins-Sein mit mir und dem Universum, in Kontakt sein mit mir und dem anderen, im Fluss des Lebens sein, mich hingeben können, entspannen, loslassen.</p>
<p>Berührung bedeutet für mich: mich anvertrauen, Nähe zulassen, Verbundenheit empfangen, tiefes Entspannen und Loslassen, im vertieften Atem in meine Mitte kommen, Balance finden zwischen Körper und Seele.</p>

<p>Ich arbeite u. a. dann, wenn Sie frei haben: Freitag Abend (Beginn jeweils bis 18.00 möglich) zum entspannenden Start ins Wochenende, am Samstag, Sonntag, an Feiertagen. (Ja, auch am 24., 25,. 26. 12.!) Sprechen Sie mich einfach an. Rechtzeitiger Vorlauf (mind. 5 Stunden vorher) ist zwingend notwendig für meine Vorbereitung. Eine Anfrage mehrere Tage vorher &hellip; <a href="https://die-massage-welle.de/wordpress/" class="more-link"><span class="screen-reader-text">Entspannungs- und Wohlfühlmassagen für Körper, Geist und Seele!</span> weiterlesen <span class="meta-nav">&rarr;</span></a></p>
