{"id":380,"date":"2022-11-26T16:35:46","date_gmt":"2022-11-26T15:35:46","guid":{"rendered":"https:\/\/die-massage-welle.de\/wordpress\/?page_id=380"},"modified":"2026-01-05T09:27:23","modified_gmt":"2026-01-05T08:27:23","slug":"guten-abend-gute-nacht-massage","status":"publish","type":"page","link":"https:\/\/die-massage-welle.de\/wordpress\/guten-abend-gute-nacht-massage\/","title":{"rendered":"neu: Guten Abend &#8211; gute Nacht-Massage"},"content":{"rendered":"<p>Dein Alltag ist hektisch und stressig? Dein Kopfkino spielt einen Film ab, doch du wei\u00dft gar nicht, wer die Hauptperson ist, die darin agiert? Du kannst abends und am Wochenende nicht abschalten? Du schl\u00e4fst schlecht? Du wachst morgens wie ger\u00e4dert auf, weil du nicht durchschlafen kannst?<\/p>\n<p>Ich kann nicht zaubern, aber diese Massage hilft dir, runter zu kommen, abzuschalten, tief in dir und deiner Mitte anzukommen, dich zu sp\u00fcren und v\u00f6llig zu entspannen. Das sind alles Voraussetzungen f\u00fcr einen gesunden Schlaf.<\/p>\n<p>Ich arbeite mit langen, sanften, langsamen Strichen. Der Duft des Lavendel\u00f6ls beruhigt und entspannt. Deine m\u00fcden F\u00fc\u00dfe bekommen besonders liebevolle Aufmerksamkeit.<\/p>\n<p>Die Massage dauert ca. eine Stunde und kostet \u00a080,00 Euro. Abendtermine sind bis sp\u00e4testens 19.00 m\u00f6glich.<\/p>\n","protected":false},"excerpt":{"rendered":"<p>Dein Alltag ist hektisch und stressig? Dein Kopfkino spielt einen Film ab, doch du wei\u00dft gar nicht, wer die Hauptperson ist, die darin agiert? Du kannst abends und am Wochenende nicht abschalten? Du schl\u00e4fst schlecht? Du wachst morgens wie ger\u00e4dert auf, weil du nicht durchschlafen kannst? Ich kann nicht zaubern, aber diese Massage hilft dir, &hellip; <a href=\"https:\/\/die-massage-welle.de\/wordpress\/guten-abend-gute-nacht-massage\/\" class=\"more-link\"><span class=\"screen-reader-text\">neu: Guten Abend &#8211; gute Nacht-Massage<\/span> weiterlesen <span class=\"meta-nav\">&rarr;<\/span><\/a><\/p>\n","protected":false},"author":1,"featured_media":0,"parent":0,"menu_order":0,"comment_status":"closed","ping_status":"closed","template":"","meta":{"footnotes":""},"class_list":["post-380","page","type-page","status-publish","hentry"],"_links":{"self":[{"href":"https:\/\/die-massage-welle.de\/wordpress\/wp-json\/wp\/v2\/pages\/380","targetHints":{"allow":["GET"]}}],"collection":[{"href":"https:\/\/die-massage-welle.de\/wordpress\/wp-json\/wp\/v2\/pages"}],"about":[{"href":"https:\/\/die-massage-welle.de\/wordpress\/wp-json\/wp\/v2\/types\/page"}],"author":[{"embeddable":true,"href":"https:\/\/die-massage-welle.de\/wordpress\/wp-json\/wp\/v2\/users\/1"}],"replies":[{"embeddable":true,"href":"https:\/\/die-massage-welle.de\/wordpress\/wp-json\/wp\/v2\/comments?post=380"}],"version-history":[{"count":7,"href":"https:\/\/die-massage-welle.de\/wordpress\/wp-json\/wp\/v2\/pages\/380\/revisions"}],"predecessor-version":[{"id":549,"href":"https:\/\/die-massage-welle.de\/wordpress\/wp-json\/wp\/v2\/pages\/380\/revisions\/549"}],"wp:attachment":[{"href":"https:\/\/die-massage-welle.de\/wordpress\/wp-json\/wp\/v2\/media?parent=380"}],"curies":[{"name":"wp","href":"https:\/\/api.w.org\/{rel}","templated":true}]}}

<p>Dein Alltag ist hektisch und stressig? Dein Kopfkino spielt einen Film ab, doch du weißt gar nicht, wer die Hauptperson ist, die darin agiert? Du kannst abends und am Wochenende nicht abschalten? Du schläfst schlecht? Du wachst morgens wie gerädert auf, weil du nicht durchschlafen kannst?</p>
<p>Ich kann nicht zaubern, aber diese Massage hilft dir, runter zu kommen, abzuschalten, tief in dir und deiner Mitte anzukommen, dich zu spüren und völlig zu entspannen. Das sind alles Voraussetzungen für einen gesunden Schlaf.</p>
<p>Ich arbeite mit langen, sanften, langsamen Strichen. Der Duft des Lavendelöls beruhigt und entspannt. Deine müden Füße bekommen besonders liebevolle Aufmerksamkeit.</p>
<p>Die Massage dauert ca. eine Stunde und kostet  80,00 Euro. Abendtermine sind bis spätestens 19.00 möglich.</p>

<p>Dein Alltag ist hektisch und stressig? Dein Kopfkino spielt einen Film ab, doch du weißt gar nicht, wer die Hauptperson ist, die darin agiert? Du kannst abends und am Wochenende nicht abschalten? Du schläfst schlecht? Du wachst morgens wie gerädert auf, weil du nicht durchschlafen kannst? Ich kann nicht zaubern, aber diese Massage hilft dir, &hellip; <a href="https://die-massage-welle.de/wordpress/guten-abend-gute-nacht-massage/" class="more-link"><span class="screen-reader-text">neu: Guten Abend &#8211; gute Nacht-Massage</span> weiterlesen <span class="meta-nav">&rarr;</span></a></p>
