{"id":470,"date":"2024-04-04T14:50:18","date_gmt":"2024-04-04T13:50:18","guid":{"rendered":"https:\/\/die-massage-welle.de\/wordpress\/?page_id=470"},"modified":"2026-01-05T09:25:30","modified_gmt":"2026-01-05T08:25:30","slug":"genussbegleiterin","status":"publish","type":"page","link":"https:\/\/die-massage-welle.de\/wordpress\/genussbegleiterin\/","title":{"rendered":"Genussbegleiterin"},"content":{"rendered":"<p>Viele Menschen haben den Kontakt zu sich und ihrem K\u00f6rper verloren oder sch\u00f6pfen das Potential nicht vollst\u00e4ndig aus, das unser K\u00f6rper uns schenkt.<\/p>\n<p>In diesem Sinnes-Ritual erlebst du verschiedene Ber\u00fchrungen, die dich deinen K\u00f6rper auf besonders intensive Weise sp\u00fcren lassen, dir helfen, wieder mehr bei dir anzukommen, zu entspannen, tiefer zu atmen und puren Genuss zu empfinden.<\/p>\n<p>Zur Hilfe nehme ich daf\u00fcr z.B. Federn, D\u00fcfte, kleine Leckereien und sanfte Massagegriffe mit wertvollen \u00d6len. Alles Sinne werden angesprochen und aktiviert. Ein Abenteuer der besonderen Art! Ein Abenteuer f\u00fcr dich, um dich besser kennenzulernen und dich tiefer auf das Leben einzulassen. Bist du bereit?<\/p>\n<p>Der Vollst\u00e4ndigkeit m\u00f6chte ich hinzuf\u00fcgen, dass dieses Ritual den Intimbereich ausschlie\u00dft. Es ist keine erotische Massage, obwohl es als sehr sinnlich empfunden wird.<\/p>\n<p>Zeit: ca. 90 Minuten<\/p>\n<p>Kosten: 150,00 Euro<\/p>\n","protected":false},"excerpt":{"rendered":"<p>Viele Menschen haben den Kontakt zu sich und ihrem K\u00f6rper verloren oder sch\u00f6pfen das Potential nicht vollst\u00e4ndig aus, das unser K\u00f6rper uns schenkt. In diesem Sinnes-Ritual erlebst du verschiedene Ber\u00fchrungen, die dich deinen K\u00f6rper auf besonders intensive Weise sp\u00fcren lassen, dir helfen, wieder mehr bei dir anzukommen, zu entspannen, tiefer zu atmen und puren Genuss &hellip; <a href=\"https:\/\/die-massage-welle.de\/wordpress\/genussbegleiterin\/\" class=\"more-link\"><span class=\"screen-reader-text\">Genussbegleiterin<\/span> weiterlesen <span class=\"meta-nav\">&rarr;<\/span><\/a><\/p>\n","protected":false},"author":1,"featured_media":0,"parent":0,"menu_order":0,"comment_status":"closed","ping_status":"closed","template":"","meta":{"footnotes":""},"class_list":["post-470","page","type-page","status-publish","hentry"],"_links":{"self":[{"href":"https:\/\/die-massage-welle.de\/wordpress\/wp-json\/wp\/v2\/pages\/470","targetHints":{"allow":["GET"]}}],"collection":[{"href":"https:\/\/die-massage-welle.de\/wordpress\/wp-json\/wp\/v2\/pages"}],"about":[{"href":"https:\/\/die-massage-welle.de\/wordpress\/wp-json\/wp\/v2\/types\/page"}],"author":[{"embeddable":true,"href":"https:\/\/die-massage-welle.de\/wordpress\/wp-json\/wp\/v2\/users\/1"}],"replies":[{"embeddable":true,"href":"https:\/\/die-massage-welle.de\/wordpress\/wp-json\/wp\/v2\/comments?post=470"}],"version-history":[{"count":5,"href":"https:\/\/die-massage-welle.de\/wordpress\/wp-json\/wp\/v2\/pages\/470\/revisions"}],"predecessor-version":[{"id":547,"href":"https:\/\/die-massage-welle.de\/wordpress\/wp-json\/wp\/v2\/pages\/470\/revisions\/547"}],"wp:attachment":[{"href":"https:\/\/die-massage-welle.de\/wordpress\/wp-json\/wp\/v2\/media?parent=470"}],"curies":[{"name":"wp","href":"https:\/\/api.w.org\/{rel}","templated":true}]}}